{"id":674,"date":"2024-03-04T19:19:42","date_gmt":"2024-03-04T18:19:42","guid":{"rendered":"https:\/\/fannysensetnature.com\/?page_id=674"},"modified":"2024-03-04T19:55:42","modified_gmt":"2024-03-04T18:55:42","slug":"le-bilan-de-vitalite","status":"publish","type":"page","link":"https:\/\/fannysensetnature.com\/index.php\/le-bilan-de-vitalite\/","title":{"rendered":"Le Bilan de Vitalit\u00e9"},"content":{"rendered":"\t\t<div data-elementor-type=\"wp-page\" data-elementor-id=\"674\" class=\"elementor elementor-674\">\n\t\t\t\t<div class=\"elementor-element elementor-element-6d096d0 e-flex e-con-boxed e-con e-parent\" data-id=\"6d096d0\" data-element_type=\"container\">\n\t\t\t\t\t<div class=\"e-con-inner\">\n\t\t\t\t<div class=\"elementor-element elementor-element-93dab12 elementor-widget elementor-widget-heading\" data-id=\"93dab12\" data-element_type=\"widget\" data-widget_type=\"heading.default\">\n\t\t\t\t<div class=\"elementor-widget-container\">\n\t\t\t<style>\/*! elementor - v3.21.0 - 20-05-2024 *\/\n.elementor-heading-title{padding:0;margin:0;line-height:1}.elementor-widget-heading .elementor-heading-title[class*=elementor-size-]>a{color:inherit;font-size:inherit;line-height:inherit}.elementor-widget-heading .elementor-heading-title.elementor-size-small{font-size:15px}.elementor-widget-heading .elementor-heading-title.elementor-size-medium{font-size:19px}.elementor-widget-heading .elementor-heading-title.elementor-size-large{font-size:29px}.elementor-widget-heading .elementor-heading-title.elementor-size-xl{font-size:39px}.elementor-widget-heading .elementor-heading-title.elementor-size-xxl{font-size:59px}<\/style><h2 class=\"elementor-heading-title elementor-size-default\">Le Bilan de vitalit\u00e9<\/h2>\t\t<\/div>\n\t\t\t\t<\/div>\n\t\t\t\t<div class=\"elementor-element elementor-element-784dc17 elementor-widget-divider--view-line elementor-widget elementor-widget-divider\" data-id=\"784dc17\" data-element_type=\"widget\" data-widget_type=\"divider.default\">\n\t\t\t\t<div class=\"elementor-widget-container\">\n\t\t\t<style>\/*! elementor - v3.21.0 - 20-05-2024 *\/\n.elementor-widget-divider{--divider-border-style:none;--divider-border-width:1px;--divider-color:#0c0d0e;--divider-icon-size:20px;--divider-element-spacing:10px;--divider-pattern-height:24px;--divider-pattern-size:20px;--divider-pattern-url:none;--divider-pattern-repeat:repeat-x}.elementor-widget-divider .elementor-divider{display:flex}.elementor-widget-divider .elementor-divider__text{font-size:15px;line-height:1;max-width:95%}.elementor-widget-divider .elementor-divider__element{margin:0 var(--divider-element-spacing);flex-shrink:0}.elementor-widget-divider .elementor-icon{font-size:var(--divider-icon-size)}.elementor-widget-divider .elementor-divider-separator{display:flex;margin:0;direction:ltr}.elementor-widget-divider--view-line_icon .elementor-divider-separator,.elementor-widget-divider--view-line_text .elementor-divider-separator{align-items:center}.elementor-widget-divider--view-line_icon .elementor-divider-separator:after,.elementor-widget-divider--view-line_icon .elementor-divider-separator:before,.elementor-widget-divider--view-line_text .elementor-divider-separator:after,.elementor-widget-divider--view-line_text .elementor-divider-separator:before{display:block;content:\"\";border-block-end:0;flex-grow:1;border-block-start:var(--divider-border-width) var(--divider-border-style) var(--divider-color)}.elementor-widget-divider--element-align-left .elementor-divider .elementor-divider-separator>.elementor-divider__svg:first-of-type{flex-grow:0;flex-shrink:100}.elementor-widget-divider--element-align-left .elementor-divider-separator:before{content:none}.elementor-widget-divider--element-align-left .elementor-divider__element{margin-left:0}.elementor-widget-divider--element-align-right .elementor-divider .elementor-divider-separator>.elementor-divider__svg:last-of-type{flex-grow:0;flex-shrink:100}.elementor-widget-divider--element-align-right .elementor-divider-separator:after{content:none}.elementor-widget-divider--element-align-right .elementor-divider__element{margin-right:0}.elementor-widget-divider--element-align-start .elementor-divider .elementor-divider-separator>.elementor-divider__svg:first-of-type{flex-grow:0;flex-shrink:100}.elementor-widget-divider--element-align-start .elementor-divider-separator:before{content:none}.elementor-widget-divider--element-align-start .elementor-divider__element{margin-inline-start:0}.elementor-widget-divider--element-align-end .elementor-divider .elementor-divider-separator>.elementor-divider__svg:last-of-type{flex-grow:0;flex-shrink:100}.elementor-widget-divider--element-align-end .elementor-divider-separator:after{content:none}.elementor-widget-divider--element-align-end .elementor-divider__element{margin-inline-end:0}.elementor-widget-divider:not(.elementor-widget-divider--view-line_text):not(.elementor-widget-divider--view-line_icon) .elementor-divider-separator{border-block-start:var(--divider-border-width) var(--divider-border-style) var(--divider-color)}.elementor-widget-divider--separator-type-pattern{--divider-border-style:none}.elementor-widget-divider--separator-type-pattern.elementor-widget-divider--view-line .elementor-divider-separator,.elementor-widget-divider--separator-type-pattern:not(.elementor-widget-divider--view-line) .elementor-divider-separator:after,.elementor-widget-divider--separator-type-pattern:not(.elementor-widget-divider--view-line) .elementor-divider-separator:before,.elementor-widget-divider--separator-type-pattern:not([class*=elementor-widget-divider--view]) .elementor-divider-separator{width:100%;min-height:var(--divider-pattern-height);-webkit-mask-size:var(--divider-pattern-size) 100%;mask-size:var(--divider-pattern-size) 100%;-webkit-mask-repeat:var(--divider-pattern-repeat);mask-repeat:var(--divider-pattern-repeat);background-color:var(--divider-color);-webkit-mask-image:var(--divider-pattern-url);mask-image:var(--divider-pattern-url)}.elementor-widget-divider--no-spacing{--divider-pattern-size:auto}.elementor-widget-divider--bg-round{--divider-pattern-repeat:round}.rtl .elementor-widget-divider .elementor-divider__text{direction:rtl}.e-con-inner>.elementor-widget-divider,.e-con>.elementor-widget-divider{width:var(--container-widget-width,100%);--flex-grow:var(--container-widget-flex-grow)}<\/style>\t\t<div class=\"elementor-divider\">\n\t\t\t<span class=\"elementor-divider-separator\">\n\t\t\t\t\t\t<\/span>\n\t\t<\/div>\n\t\t\t\t<\/div>\n\t\t\t\t<\/div>\n\t\t\t\t\t<\/div>\n\t\t\t\t<\/div>\n\t\t<div class=\"elementor-element elementor-element-995c986 e-flex e-con-boxed e-con e-parent\" data-id=\"995c986\" data-element_type=\"container\">\n\t\t\t\t\t<div class=\"e-con-inner\">\n\t\t<div class=\"elementor-element elementor-element-98eddf4 e-con-full e-flex e-con e-child\" data-id=\"98eddf4\" data-element_type=\"container\">\n\t\t\t\t<div class=\"elementor-element elementor-element-88d5f89 elementor-widget elementor-widget-text-editor\" data-id=\"88d5f89\" data-element_type=\"widget\" data-widget_type=\"text-editor.default\">\n\t\t\t\t<div class=\"elementor-widget-container\">\n\t\t\t<style>\/*! elementor - v3.21.0 - 20-05-2024 *\/\n.elementor-widget-text-editor.elementor-drop-cap-view-stacked .elementor-drop-cap{background-color:#69727d;color:#fff}.elementor-widget-text-editor.elementor-drop-cap-view-framed .elementor-drop-cap{color:#69727d;border:3px solid;background-color:transparent}.elementor-widget-text-editor:not(.elementor-drop-cap-view-default) .elementor-drop-cap{margin-top:8px}.elementor-widget-text-editor:not(.elementor-drop-cap-view-default) .elementor-drop-cap-letter{width:1em;height:1em}.elementor-widget-text-editor .elementor-drop-cap{float:left;text-align:center;line-height:1;font-size:50px}.elementor-widget-text-editor .elementor-drop-cap-letter{display:inline-block}<\/style>\t\t\t\t<p>Le bilan de vitalit\u00e9 est une \u00e9tape essentielle visant \u00e0 \u00e9valuer diff\u00e9rents aspects de votre bien-\u00eatre et de votre mode de vie.<\/p><p>Il s&rsquo;agit d&rsquo;une \u00e9valuation approfondie de votre \u00e9tat g\u00e9n\u00e9ral, prenant en compte diff\u00e9rents aspects tels que vos habitudes de vie, votre alimentation, votre niveau de stress, votre sommeil, et bien plus encore.<\/p>\t\t\t\t\t\t<\/div>\n\t\t\t\t<\/div>\n\t\t\t\t<\/div>\n\t\t<div class=\"elementor-element elementor-element-746dd6e e-con-full e-flex e-con e-child\" data-id=\"746dd6e\" data-element_type=\"container\">\n\t\t\t\t<div class=\"elementor-element elementor-element-e2855ee elementor-widget elementor-widget-image\" data-id=\"e2855ee\" data-element_type=\"widget\" data-widget_type=\"image.default\">\n\t\t\t\t<div class=\"elementor-widget-container\">\n\t\t\t<style>\/*! elementor - v3.21.0 - 20-05-2024 *\/\n.elementor-widget-image{text-align:center}.elementor-widget-image a{display:inline-block}.elementor-widget-image a img[src$=\".svg\"]{width:48px}.elementor-widget-image img{vertical-align:middle;display:inline-block}<\/style>\t\t\t\t\t\t\t\t\t\t<img fetchpriority=\"high\" decoding=\"async\" width=\"625\" height=\"625\" src=\"https:\/\/fannysensetnature.com\/wp-content\/uploads\/2024\/03\/image-bilan-de-vitalite.png\" class=\"attachment-large size-large wp-image-691\" alt=\"\" srcset=\"https:\/\/fannysensetnature.com\/wp-content\/uploads\/2024\/03\/image-bilan-de-vitalite.png 625w, https:\/\/fannysensetnature.com\/wp-content\/uploads\/2024\/03\/image-bilan-de-vitalite-300x300.png 300w, https:\/\/fannysensetnature.com\/wp-content\/uploads\/2024\/03\/image-bilan-de-vitalite-150x150.png 150w, https:\/\/fannysensetnature.com\/wp-content\/uploads\/2024\/03\/image-bilan-de-vitalite-600x600.png 600w\" sizes=\"(max-width: 625px) 100vw, 625px\" \/>\t\t\t\t\t\t\t\t\t\t\t\t\t<\/div>\n\t\t\t\t<\/div>\n\t\t\t\t<\/div>\n\t\t<div class=\"elementor-element elementor-element-59919d6 e-con-full e-flex e-con e-child\" data-id=\"59919d6\" data-element_type=\"container\">\n\t\t\t\t<div class=\"elementor-element elementor-element-3968276 elementor-widget-divider--view-line elementor-widget elementor-widget-divider\" data-id=\"3968276\" data-element_type=\"widget\" data-widget_type=\"divider.default\">\n\t\t\t\t<div class=\"elementor-widget-container\">\n\t\t\t\t\t<div class=\"elementor-divider\">\n\t\t\t<span class=\"elementor-divider-separator\">\n\t\t\t\t\t\t<\/span>\n\t\t<\/div>\n\t\t\t\t<\/div>\n\t\t\t\t<\/div>\n\t\t\t\t<div class=\"elementor-element elementor-element-93ee171 elementor-widget elementor-widget-text-editor\" data-id=\"93ee171\" data-element_type=\"widget\" data-widget_type=\"text-editor.default\">\n\t\t\t\t<div class=\"elementor-widget-container\">\n\t\t\t\t\t\t\t<p>Au sein de ma pratique de naturopathie, le bilan de vitalit\u00e9 me permettra de comprendre votre sant\u00e9 dans sa globalit\u00e9 et de d\u00e9terminer les d\u00e9s\u00e9quilibres potentiels qui peuvent affecter votre bien-\u00eatre.<\/p><p>En analysant ces informations, je suis en mesure de vous proposer des recommandations personnalis\u00e9es, incluant des conseils en mati\u00e8res de nutrition, de gestion du stres, d&rsquo;exercices physiques, ainsi que l&rsquo;utilisations de rem\u00e8des naturels tels que des plantes m\u00e9dicinales, les huiles essentielles, ou d&rsquo;autres th\u00e9rapies naturelles.<\/p>\t\t\t\t\t\t<\/div>\n\t\t\t\t<\/div>\n\t\t\t\t<\/div>\n\t\t\t\t\t<\/div>\n\t\t\t\t<\/div>\n\t\t<div class=\"elementor-element elementor-element-7ab322b e-flex e-con-boxed e-con e-parent\" data-id=\"7ab322b\" data-element_type=\"container\">\n\t\t\t\t\t<div class=\"e-con-inner\">\n\t\t<div class=\"elementor-element elementor-element-388cb9d e-con-full e-flex e-con e-child\" data-id=\"388cb9d\" data-element_type=\"container\">\n\t\t\t\t<div class=\"elementor-element elementor-element-dbdecc5 elementor-widget__width-initial elementor-widget elementor-widget-text-editor\" data-id=\"dbdecc5\" data-element_type=\"widget\" data-widget_type=\"text-editor.default\">\n\t\t\t\t<div class=\"elementor-widget-container\">\n\t\t\t\t\t\t\t<p>Le Bilan de vitalit\u00e9 constitue donc le point de d\u00e9part de votre accompagnements personnalis\u00e9 visant \u00e0 restaurer et \u00e0 maintenir votre sant\u00e9 de mani\u00e8re naturelle et holistique.<\/p><p>Si vous souhaitez en savoir plus sur mon approche et sur la mani\u00e8re dont je peux vous aider \u00e0 atteindre vos objectifs de bien-\u00eatre, n&rsquo;h\u00e9sitez pas \u00e0 prendre rendez-vous pour un bilan de vitalit\u00e9 d\u00e8s aujourd&rsquo;hui.<\/p>\t\t\t\t\t\t<\/div>\n\t\t\t\t<\/div>\n\t\t\t\t<div class=\"elementor-element elementor-element-d518855 elementor-align-center elementor-widget elementor-widget-button\" data-id=\"d518855\" data-element_type=\"widget\" data-widget_type=\"button.default\">\n\t\t\t\t<div class=\"elementor-widget-container\">\n\t\t\t\t\t<div class=\"elementor-button-wrapper\">\n\t\t\t<a class=\"elementor-button elementor-button-link elementor-size-sm\" href=\"https:\/\/fannysensetnature.com\/index.php\/me-contacter\/\">\n\t\t\t\t\t\t<span class=\"elementor-button-content-wrapper\">\n\t\t\t\t\t\t\t\t\t<span class=\"elementor-button-text\">Prendre rendez-vous<\/span>\n\t\t\t\t\t<\/span>\n\t\t\t\t\t<\/a>\n\t\t<\/div>\n\t\t\t\t<\/div>\n\t\t\t\t<\/div>\n\t\t\t\t<\/div>\n\t\t<div class=\"elementor-element elementor-element-9bc1e5b e-con-full e-flex e-con e-child\" data-id=\"9bc1e5b\" data-element_type=\"container\">\n\t\t\t\t<div class=\"elementor-element elementor-element-2cc7214 elementor-widget elementor-widget-image\" data-id=\"2cc7214\" data-element_type=\"widget\" data-widget_type=\"image.default\">\n\t\t\t\t<div class=\"elementor-widget-container\">\n\t\t\t\t\t\t\t\t\t\t\t\t\t<img decoding=\"async\" width=\"625\" height=\"625\" src=\"https:\/\/fannysensetnature.com\/wp-content\/uploads\/2024\/03\/image-consultation-bilan-vitalite.webp\" class=\"attachment-large size-large wp-image-698\" alt=\"\" srcset=\"https:\/\/fannysensetnature.com\/wp-content\/uploads\/2024\/03\/image-consultation-bilan-vitalite.webp 625w, https:\/\/fannysensetnature.com\/wp-content\/uploads\/2024\/03\/image-consultation-bilan-vitalite-300x300.webp 300w, https:\/\/fannysensetnature.com\/wp-content\/uploads\/2024\/03\/image-consultation-bilan-vitalite-150x150.webp 150w, https:\/\/fannysensetnature.com\/wp-content\/uploads\/2024\/03\/image-consultation-bilan-vitalite-600x600.webp 600w\" sizes=\"(max-width: 625px) 100vw, 625px\" \/>\t\t\t\t\t\t\t\t\t\t\t\t\t<\/div>\n\t\t\t\t<\/div>\n\t\t\t\t<\/div>\n\t\t\t\t\t<\/div>\n\t\t\t\t<\/div>\n\t\t\t\t<\/div>\n\t\t","protected":false},"excerpt":{"rendered":"<p>Le Bilan de vitalit\u00e9 Le bilan de vitalit\u00e9 est une \u00e9tape essentielle visant \u00e0 \u00e9valuer diff\u00e9rents aspects de votre bien-\u00eatre et de votre mode de vie. Il s&rsquo;agit d&rsquo;une \u00e9valuation approfondie de votre \u00e9tat g\u00e9n\u00e9ral, prenant en compte diff\u00e9rents aspects tels que vos habitudes de vie, votre alimentation, votre niveau de stress, votre sommeil, et [&hellip;]<\/p>\n","protected":false},"author":1,"featured_media":0,"parent":0,"menu_order":0,"comment_status":"closed","ping_status":"closed","template":"","meta":{"ocean_post_layout":"","ocean_both_sidebars_style":"","ocean_both_sidebars_content_width":0,"ocean_both_sidebars_sidebars_width":0,"ocean_sidebar":"","ocean_second_sidebar":"","ocean_disable_margins":"enable","ocean_add_body_class":"","ocean_shortcode_before_top_bar":"","ocean_shortcode_after_top_bar":"","ocean_shortcode_before_header":"","ocean_shortcode_after_header":"","ocean_has_shortcode":"","ocean_shortcode_after_title":"","ocean_shortcode_before_footer_widgets":"","ocean_shortcode_after_footer_widgets":"","ocean_shortcode_before_footer_bottom":"","ocean_shortcode_after_footer_bottom":"","ocean_display_top_bar":"default","ocean_display_header":"default","ocean_header_style":"","ocean_center_header_left_menu":"","ocean_custom_header_template":"","ocean_custom_logo":0,"ocean_custom_retina_logo":0,"ocean_custom_logo_max_width":0,"ocean_custom_logo_tablet_max_width":0,"ocean_custom_logo_mobile_max_width":0,"ocean_custom_logo_max_height":0,"ocean_custom_logo_tablet_max_height":0,"ocean_custom_logo_mobile_max_height":0,"ocean_header_custom_menu":"","ocean_menu_typo_font_family":"","ocean_menu_typo_font_subset":"","ocean_menu_typo_font_size":0,"ocean_menu_typo_font_size_tablet":0,"ocean_menu_typo_font_size_mobile":0,"ocean_menu_typo_font_size_unit":"px","ocean_menu_typo_font_weight":"","ocean_menu_typo_font_weight_tablet":"","ocean_menu_typo_font_weight_mobile":"","ocean_menu_typo_transform":"","ocean_menu_typo_transform_tablet":"","ocean_menu_typo_transform_mobile":"","ocean_menu_typo_line_height":0,"ocean_menu_typo_line_height_tablet":0,"ocean_menu_typo_line_height_mobile":0,"ocean_menu_typo_line_height_unit":"","ocean_menu_typo_spacing":0,"ocean_menu_typo_spacing_tablet":0,"ocean_menu_typo_spacing_mobile":0,"ocean_menu_typo_spacing_unit":"","ocean_menu_link_color":"","ocean_menu_link_color_hover":"","ocean_menu_link_color_active":"","ocean_menu_link_background":"","ocean_menu_link_hover_background":"","ocean_menu_link_active_background":"","ocean_menu_social_links_bg":"","ocean_menu_social_hover_links_bg":"","ocean_menu_social_links_color":"","ocean_menu_social_hover_links_color":"","ocean_disable_title":"default","ocean_disable_heading":"default","ocean_post_title":"","ocean_post_subheading":"","ocean_post_title_style":"","ocean_post_title_background_color":"","ocean_post_title_background":0,"ocean_post_title_bg_image_position":"","ocean_post_title_bg_image_attachment":"","ocean_post_title_bg_image_repeat":"","ocean_post_title_bg_image_size":"","ocean_post_title_height":0,"ocean_post_title_bg_overlay":0.5,"ocean_post_title_bg_overlay_color":"","ocean_disable_breadcrumbs":"default","ocean_breadcrumbs_color":"","ocean_breadcrumbs_separator_color":"","ocean_breadcrumbs_links_color":"","ocean_breadcrumbs_links_hover_color":"","ocean_display_footer_widgets":"default","ocean_display_footer_bottom":"default","ocean_custom_footer_template":"","footnotes":""},"class_list":["post-674","page","type-page","status-publish","hentry","entry"],"yoast_head":"<!-- This site is optimized with the Yoast SEO plugin v22.7 - https:\/\/yoast.com\/wordpress\/plugins\/seo\/ -->\n<title>Le Bilan de Vitalit\u00e9 - fannysensetnature<\/title>\n<meta name=\"robots\" content=\"index, follow, max-snippet:-1, max-image-preview:large, max-video-preview:-1\" \/>\n<link rel=\"canonical\" href=\"https:\/\/fannysensetnature.com\/index.php\/le-bilan-de-vitalite\/\" \/>\n<meta property=\"og:locale\" content=\"fr_FR\" \/>\n<meta property=\"og:type\" content=\"article\" \/>\n<meta property=\"og:title\" content=\"Le Bilan de Vitalit\u00e9 - fannysensetnature\" \/>\n<meta property=\"og:description\" content=\"Le Bilan de vitalit\u00e9 Le bilan de vitalit\u00e9 est une \u00e9tape essentielle visant \u00e0 \u00e9valuer diff\u00e9rents aspects de votre bien-\u00eatre et de votre mode de vie. Il s&rsquo;agit d&rsquo;une \u00e9valuation approfondie de votre \u00e9tat g\u00e9n\u00e9ral, prenant en compte diff\u00e9rents aspects tels que vos habitudes de vie, votre alimentation, votre niveau de stress, votre sommeil, et [&hellip;]\" \/>\n<meta property=\"og:url\" content=\"https:\/\/fannysensetnature.com\/index.php\/le-bilan-de-vitalite\/\" \/>\n<meta property=\"og:site_name\" content=\"fannysensetnature\" \/>\n<meta property=\"article:modified_time\" content=\"2024-03-04T18:55:42+00:00\" \/>\n<meta property=\"og:image\" content=\"http:\/\/fannysensetnature.com\/wp-content\/uploads\/2024\/03\/image-bilan-de-vitalite.png\" \/>\n<meta name=\"twitter:card\" content=\"summary_large_image\" \/>\n<meta name=\"twitter:label1\" content=\"Dur\u00e9e de lecture estim\u00e9e\" \/>\n\t<meta name=\"twitter:data1\" content=\"2 minutes\" \/>\n<script type=\"application\/ld+json\" class=\"yoast-schema-graph\">{\"@context\":\"https:\/\/schema.org\",\"@graph\":[{\"@type\":\"WebPage\",\"@id\":\"https:\/\/fannysensetnature.com\/index.php\/le-bilan-de-vitalite\/\",\"url\":\"https:\/\/fannysensetnature.com\/index.php\/le-bilan-de-vitalite\/\",\"name\":\"Le Bilan de Vitalit\u00e9 - fannysensetnature\",\"isPartOf\":{\"@id\":\"https:\/\/fannysensetnature.com\/#website\"},\"primaryImageOfPage\":{\"@id\":\"https:\/\/fannysensetnature.com\/index.php\/le-bilan-de-vitalite\/#primaryimage\"},\"image\":{\"@id\":\"https:\/\/fannysensetnature.com\/index.php\/le-bilan-de-vitalite\/#primaryimage\"},\"thumbnailUrl\":\"http:\/\/fannysensetnature.com\/wp-content\/uploads\/2024\/03\/image-bilan-de-vitalite.png\",\"datePublished\":\"2024-03-04T18:19:42+00:00\",\"dateModified\":\"2024-03-04T18:55:42+00:00\",\"breadcrumb\":{\"@id\":\"https:\/\/fannysensetnature.com\/index.php\/le-bilan-de-vitalite\/#breadcrumb\"},\"inLanguage\":\"fr-FR\",\"potentialAction\":[{\"@type\":\"ReadAction\",\"target\":[\"https:\/\/fannysensetnature.com\/index.php\/le-bilan-de-vitalite\/\"]}]},{\"@type\":\"ImageObject\",\"inLanguage\":\"fr-FR\",\"@id\":\"https:\/\/fannysensetnature.com\/index.php\/le-bilan-de-vitalite\/#primaryimage\",\"url\":\"http:\/\/fannysensetnature.com\/wp-content\/uploads\/2024\/03\/image-bilan-de-vitalite.png\",\"contentUrl\":\"http:\/\/fannysensetnature.com\/wp-content\/uploads\/2024\/03\/image-bilan-de-vitalite.png\"},{\"@type\":\"BreadcrumbList\",\"@id\":\"https:\/\/fannysensetnature.com\/index.php\/le-bilan-de-vitalite\/#breadcrumb\",\"itemListElement\":[{\"@type\":\"ListItem\",\"position\":1,\"name\":\"Accueil\",\"item\":\"https:\/\/fannysensetnature.com\/\"},{\"@type\":\"ListItem\",\"position\":2,\"name\":\"Le Bilan de Vitalit\u00e9\"}]},{\"@type\":\"WebSite\",\"@id\":\"https:\/\/fannysensetnature.com\/#website\",\"url\":\"https:\/\/fannysensetnature.com\/\",\"name\":\"fannysensetnature\",\"description\":\"La Naturopathie &amp; la Sophrologie dans votre quotidien !\",\"publisher\":{\"@id\":\"https:\/\/fannysensetnature.com\/#organization\"},\"potentialAction\":[{\"@type\":\"SearchAction\",\"target\":{\"@type\":\"EntryPoint\",\"urlTemplate\":\"https:\/\/fannysensetnature.com\/?s={search_term_string}\"},\"query-input\":\"required name=search_term_string\"}],\"inLanguage\":\"fr-FR\"},{\"@type\":\"Organization\",\"@id\":\"https:\/\/fannysensetnature.com\/#organization\",\"name\":\"fannysensetnature\",\"url\":\"https:\/\/fannysensetnature.com\/\",\"logo\":{\"@type\":\"ImageObject\",\"inLanguage\":\"fr-FR\",\"@id\":\"https:\/\/fannysensetnature.com\/#\/schema\/logo\/image\/\",\"url\":\"https:\/\/fannysensetnature.com\/wp-content\/uploads\/2024\/02\/cropped-logo-Sens-et-Nature.png\",\"contentUrl\":\"https:\/\/fannysensetnature.com\/wp-content\/uploads\/2024\/02\/cropped-logo-Sens-et-Nature.png\",\"width\":500,\"height\":261,\"caption\":\"fannysensetnature\"},\"image\":{\"@id\":\"https:\/\/fannysensetnature.com\/#\/schema\/logo\/image\/\"}}]}<\/script>\n<!-- \/ Yoast SEO plugin. -->","yoast_head_json":{"title":"Le Bilan de Vitalit\u00e9 - fannysensetnature","robots":{"index":"index","follow":"follow","max-snippet":"max-snippet:-1","max-image-preview":"max-image-preview:large","max-video-preview":"max-video-preview:-1"},"canonical":"https:\/\/fannysensetnature.com\/index.php\/le-bilan-de-vitalite\/","og_locale":"fr_FR","og_type":"article","og_title":"Le Bilan de Vitalit\u00e9 - fannysensetnature","og_description":"Le Bilan de vitalit\u00e9 Le bilan de vitalit\u00e9 est une \u00e9tape essentielle visant \u00e0 \u00e9valuer diff\u00e9rents aspects de votre bien-\u00eatre et de votre mode de vie. Il s&rsquo;agit d&rsquo;une \u00e9valuation approfondie de votre \u00e9tat g\u00e9n\u00e9ral, prenant en compte diff\u00e9rents aspects tels que vos habitudes de vie, votre alimentation, votre niveau de stress, votre sommeil, et [&hellip;]","og_url":"https:\/\/fannysensetnature.com\/index.php\/le-bilan-de-vitalite\/","og_site_name":"fannysensetnature","article_modified_time":"2024-03-04T18:55:42+00:00","og_image":[{"url":"http:\/\/fannysensetnature.com\/wp-content\/uploads\/2024\/03\/image-bilan-de-vitalite.png"}],"twitter_card":"summary_large_image","twitter_misc":{"Dur\u00e9e de lecture estim\u00e9e":"2 minutes"},"schema":{"@context":"https:\/\/schema.org","@graph":[{"@type":"WebPage","@id":"https:\/\/fannysensetnature.com\/index.php\/le-bilan-de-vitalite\/","url":"https:\/\/fannysensetnature.com\/index.php\/le-bilan-de-vitalite\/","name":"Le Bilan de Vitalit\u00e9 - fannysensetnature","isPartOf":{"@id":"https:\/\/fannysensetnature.com\/#website"},"primaryImageOfPage":{"@id":"https:\/\/fannysensetnature.com\/index.php\/le-bilan-de-vitalite\/#primaryimage"},"image":{"@id":"https:\/\/fannysensetnature.com\/index.php\/le-bilan-de-vitalite\/#primaryimage"},"thumbnailUrl":"http:\/\/fannysensetnature.com\/wp-content\/uploads\/2024\/03\/image-bilan-de-vitalite.png","datePublished":"2024-03-04T18:19:42+00:00","dateModified":"2024-03-04T18:55:42+00:00","breadcrumb":{"@id":"https:\/\/fannysensetnature.com\/index.php\/le-bilan-de-vitalite\/#breadcrumb"},"inLanguage":"fr-FR","potentialAction":[{"@type":"ReadAction","target":["https:\/\/fannysensetnature.com\/index.php\/le-bilan-de-vitalite\/"]}]},{"@type":"ImageObject","inLanguage":"fr-FR","@id":"https:\/\/fannysensetnature.com\/index.php\/le-bilan-de-vitalite\/#primaryimage","url":"http:\/\/fannysensetnature.com\/wp-content\/uploads\/2024\/03\/image-bilan-de-vitalite.png","contentUrl":"http:\/\/fannysensetnature.com\/wp-content\/uploads\/2024\/03\/image-bilan-de-vitalite.png"},{"@type":"BreadcrumbList","@id":"https:\/\/fannysensetnature.com\/index.php\/le-bilan-de-vitalite\/#breadcrumb","itemListElement":[{"@type":"ListItem","position":1,"name":"Accueil","item":"https:\/\/fannysensetnature.com\/"},{"@type":"ListItem","position":2,"name":"Le Bilan de Vitalit\u00e9"}]},{"@type":"WebSite","@id":"https:\/\/fannysensetnature.com\/#website","url":"https:\/\/fannysensetnature.com\/","name":"fannysensetnature","description":"La Naturopathie &amp; la Sophrologie dans votre quotidien !","publisher":{"@id":"https:\/\/fannysensetnature.com\/#organization"},"potentialAction":[{"@type":"SearchAction","target":{"@type":"EntryPoint","urlTemplate":"https:\/\/fannysensetnature.com\/?s={search_term_string}"},"query-input":"required name=search_term_string"}],"inLanguage":"fr-FR"},{"@type":"Organization","@id":"https:\/\/fannysensetnature.com\/#organization","name":"fannysensetnature","url":"https:\/\/fannysensetnature.com\/","logo":{"@type":"ImageObject","inLanguage":"fr-FR","@id":"https:\/\/fannysensetnature.com\/#\/schema\/logo\/image\/","url":"https:\/\/fannysensetnature.com\/wp-content\/uploads\/2024\/02\/cropped-logo-Sens-et-Nature.png","contentUrl":"https:\/\/fannysensetnature.com\/wp-content\/uploads\/2024\/02\/cropped-logo-Sens-et-Nature.png","width":500,"height":261,"caption":"fannysensetnature"},"image":{"@id":"https:\/\/fannysensetnature.com\/#\/schema\/logo\/image\/"}}]}},"jetpack_sharing_enabled":true,"_links":{"self":[{"href":"https:\/\/fannysensetnature.com\/index.php\/wp-json\/wp\/v2\/pages\/674","targetHints":{"allow":["GET"]}}],"collection":[{"href":"https:\/\/fannysensetnature.com\/index.php\/wp-json\/wp\/v2\/pages"}],"about":[{"href":"https:\/\/fannysensetnature.com\/index.php\/wp-json\/wp\/v2\/types\/page"}],"author":[{"embeddable":true,"href":"https:\/\/fannysensetnature.com\/index.php\/wp-json\/wp\/v2\/users\/1"}],"replies":[{"embeddable":true,"href":"https:\/\/fannysensetnature.com\/index.php\/wp-json\/wp\/v2\/comments?post=674"}],"version-history":[{"count":25,"href":"https:\/\/fannysensetnature.com\/index.php\/wp-json\/wp\/v2\/pages\/674\/revisions"}],"predecessor-version":[{"id":701,"href":"https:\/\/fannysensetnature.com\/index.php\/wp-json\/wp\/v2\/pages\/674\/revisions\/701"}],"wp:attachment":[{"href":"https:\/\/fannysensetnature.com\/index.php\/wp-json\/wp\/v2\/media?parent=674"}],"curies":[{"name":"wp","href":"https:\/\/api.w.org\/{rel}","templated":true}]}}