{"id":16,"date":"2024-02-18T11:50:54","date_gmt":"2024-02-18T10:50:54","guid":{"rendered":"https:\/\/fannysensetnature.com\/?page_id=16"},"modified":"2024-03-04T17:46:36","modified_gmt":"2024-03-04T16:46:36","slug":"mes-prestations","status":"publish","type":"page","link":"https:\/\/fannysensetnature.com\/index.php\/mes-prestations\/","title":{"rendered":"Tarifs des consultations"},"content":{"rendered":"\t\t<div data-elementor-type=\"wp-page\" data-elementor-id=\"16\" class=\"elementor elementor-16\">\n\t\t\t\t<div class=\"elementor-element elementor-element-72de1df e-flex e-con-boxed e-con e-parent\" data-id=\"72de1df\" data-element_type=\"container\">\n\t\t\t\t\t<div class=\"e-con-inner\">\n\t\t\t\t<div class=\"elementor-element elementor-element-adaa29f elementor-widget elementor-widget-heading\" data-id=\"adaa29f\" data-element_type=\"widget\" data-widget_type=\"heading.default\">\n\t\t\t\t<div class=\"elementor-widget-container\">\n\t\t\t<style>\/*! elementor - v3.21.0 - 20-05-2024 *\/\n.elementor-heading-title{padding:0;margin:0;line-height:1}.elementor-widget-heading .elementor-heading-title[class*=elementor-size-]>a{color:inherit;font-size:inherit;line-height:inherit}.elementor-widget-heading .elementor-heading-title.elementor-size-small{font-size:15px}.elementor-widget-heading .elementor-heading-title.elementor-size-medium{font-size:19px}.elementor-widget-heading .elementor-heading-title.elementor-size-large{font-size:29px}.elementor-widget-heading .elementor-heading-title.elementor-size-xl{font-size:39px}.elementor-widget-heading .elementor-heading-title.elementor-size-xxl{font-size:59px}<\/style><h2 class=\"elementor-heading-title elementor-size-default\">Mes Prestations<\/h2>\t\t<\/div>\n\t\t\t\t<\/div>\n\t\t\t\t<div class=\"elementor-element elementor-element-15277bc elementor-widget elementor-widget-heading\" data-id=\"15277bc\" data-element_type=\"widget\" data-widget_type=\"heading.default\">\n\t\t\t\t<div class=\"elementor-widget-container\">\n\t\t\t<h2 class=\"elementor-heading-title elementor-size-default\">Naturopathie<\/h2>\t\t<\/div>\n\t\t\t\t<\/div>\n\t\t\t\t<div class=\"elementor-element elementor-element-a7942d2 elementor-widget elementor-widget-text-editor\" data-id=\"a7942d2\" data-element_type=\"widget\" data-widget_type=\"text-editor.default\">\n\t\t\t\t<div class=\"elementor-widget-container\">\n\t\t\t<style>\/*! elementor - v3.21.0 - 20-05-2024 *\/\n.elementor-widget-text-editor.elementor-drop-cap-view-stacked .elementor-drop-cap{background-color:#69727d;color:#fff}.elementor-widget-text-editor.elementor-drop-cap-view-framed .elementor-drop-cap{color:#69727d;border:3px solid;background-color:transparent}.elementor-widget-text-editor:not(.elementor-drop-cap-view-default) .elementor-drop-cap{margin-top:8px}.elementor-widget-text-editor:not(.elementor-drop-cap-view-default) .elementor-drop-cap-letter{width:1em;height:1em}.elementor-widget-text-editor .elementor-drop-cap{float:left;text-align:center;line-height:1;font-size:50px}.elementor-widget-text-editor .elementor-drop-cap-letter{display:inline-block}<\/style>\t\t\t\t<ul><li>La premi\u00e8re consultation =&gt; Bilan de Vitalit\u00e9 (1h30) : 70 \u20ac<\/li><li>Premi\u00e8re consultation enfants \/ \u00e9tudiants : 50 \u20ac<\/li><li>Les consultations de suivi (1h) : 50 \u20ac<\/li><li>Suivi Enfants \/ Etudiants : 40 \u20ac<\/li><\/ul>\t\t\t\t\t\t<\/div>\n\t\t\t\t<\/div>\n\t\t\t\t<div class=\"elementor-element elementor-element-35b0811 elementor-widget elementor-widget-heading\" data-id=\"35b0811\" data-element_type=\"widget\" data-widget_type=\"heading.default\">\n\t\t\t\t<div class=\"elementor-widget-container\">\n\t\t\t<h2 class=\"elementor-heading-title elementor-size-default\">Sophrologie<\/h2>\t\t<\/div>\n\t\t\t\t<\/div>\n\t\t\t\t<div class=\"elementor-element elementor-element-4960601 elementor-widget elementor-widget-text-editor\" data-id=\"4960601\" data-element_type=\"widget\" data-widget_type=\"text-editor.default\">\n\t\t\t\t<div class=\"elementor-widget-container\">\n\t\t\t\t\t\t\t<ul>\n<li>La premi\u00e8re s\u00e9ance (1h) =&gt; d\u00e9terminer l&rsquo;objectif : 50 \u20ac&nbsp;<\/li>\n<li>S\u00e9ance de suivi (45mn) : 45 \u20ac&nbsp;<\/li>\n<li>Enfants \/ Etudiant : 40 \u20ac<\/li>\n<\/ul>\t\t\t\t\t\t<\/div>\n\t\t\t\t<\/div>\n\t\t\t\t<div class=\"elementor-element elementor-element-6b55e87 elementor-widget elementor-widget-heading\" data-id=\"6b55e87\" data-element_type=\"widget\" data-widget_type=\"heading.default\">\n\t\t\t\t<div class=\"elementor-widget-container\">\n\t\t\t<h2 class=\"elementor-heading-title elementor-size-default\">Massage Bien-\u00eatre<\/h2>\t\t<\/div>\n\t\t\t\t<\/div>\n\t\t\t\t<div class=\"elementor-element elementor-element-75e9ed7 elementor-widget elementor-widget-text-editor\" data-id=\"75e9ed7\" data-element_type=\"widget\" data-widget_type=\"text-editor.default\">\n\t\t\t\t<div class=\"elementor-widget-container\">\n\t\t\t\t\t\t\t<ul><li>Massage cr\u00e2nien (30mn) : 30\u20ac<\/li><li>Massage complet du corps aux huiles essentielles (1h) : 60 \u20ac<\/li><li>Massage du dos aux huiles essentielles (30 mn) : 30 \u20ac<\/li><\/ul>\t\t\t\t\t\t<\/div>\n\t\t\t\t<\/div>\n\t\t\t\t<div class=\"elementor-element elementor-element-5b1a2b2 elementor-align-center elementor-widget elementor-widget-button\" data-id=\"5b1a2b2\" data-element_type=\"widget\" data-widget_type=\"button.default\">\n\t\t\t\t<div class=\"elementor-widget-container\">\n\t\t\t\t\t<div class=\"elementor-button-wrapper\">\n\t\t\t<a class=\"elementor-button elementor-button-link elementor-size-sm\" href=\"https:\/\/fannysensetnature.com\/index.php\/me-contacter\/\">\n\t\t\t\t\t\t<span class=\"elementor-button-content-wrapper\">\n\t\t\t\t\t\t\t\t\t<span class=\"elementor-button-text\">Prendre rendez-vous<\/span>\n\t\t\t\t\t<\/span>\n\t\t\t\t\t<\/a>\n\t\t<\/div>\n\t\t\t\t<\/div>\n\t\t\t\t<\/div>\n\t\t\t\t\t<\/div>\n\t\t\t\t<\/div>\n\t\t\t\t<\/div>\n\t\t","protected":false},"excerpt":{"rendered":"<p>Mes Prestations Naturopathie La premi\u00e8re consultation =&gt; Bilan de Vitalit\u00e9 (1h30) : 70 \u20ac Premi\u00e8re consultation enfants \/ \u00e9tudiants : 50 \u20ac Les consultations de suivi (1h) : 50 \u20ac Suivi Enfants \/ Etudiants : 40 \u20ac Sophrologie La premi\u00e8re s\u00e9ance (1h) =&gt; d\u00e9terminer l&rsquo;objectif : 50 \u20ac&nbsp; S\u00e9ance de suivi (45mn) : 45 \u20ac&nbsp; [&hellip;]<\/p>\n","protected":false},"author":1,"featured_media":0,"parent":0,"menu_order":0,"comment_status":"closed","ping_status":"closed","template":"","meta":{"ocean_post_layout":"","ocean_both_sidebars_style":"","ocean_both_sidebars_content_width":0,"ocean_both_sidebars_sidebars_width":0,"ocean_sidebar":"","ocean_second_sidebar":"","ocean_disable_margins":"enable","ocean_add_body_class":"","ocean_shortcode_before_top_bar":"","ocean_shortcode_after_top_bar":"","ocean_shortcode_before_header":"","ocean_shortcode_after_header":"","ocean_has_shortcode":"","ocean_shortcode_after_title":"","ocean_shortcode_before_footer_widgets":"","ocean_shortcode_after_footer_widgets":"","ocean_shortcode_before_footer_bottom":"","ocean_shortcode_after_footer_bottom":"","ocean_display_top_bar":"default","ocean_display_header":"default","ocean_header_style":"","ocean_center_header_left_menu":"","ocean_custom_header_template":"","ocean_custom_logo":0,"ocean_custom_retina_logo":0,"ocean_custom_logo_max_width":0,"ocean_custom_logo_tablet_max_width":0,"ocean_custom_logo_mobile_max_width":0,"ocean_custom_logo_max_height":0,"ocean_custom_logo_tablet_max_height":0,"ocean_custom_logo_mobile_max_height":0,"ocean_header_custom_menu":"","ocean_menu_typo_font_family":"","ocean_menu_typo_font_subset":"","ocean_menu_typo_font_size":0,"ocean_menu_typo_font_size_tablet":0,"ocean_menu_typo_font_size_mobile":0,"ocean_menu_typo_font_size_unit":"px","ocean_menu_typo_font_weight":"","ocean_menu_typo_font_weight_tablet":"","ocean_menu_typo_font_weight_mobile":"","ocean_menu_typo_transform":"","ocean_menu_typo_transform_tablet":"","ocean_menu_typo_transform_mobile":"","ocean_menu_typo_line_height":0,"ocean_menu_typo_line_height_tablet":0,"ocean_menu_typo_line_height_mobile":0,"ocean_menu_typo_line_height_unit":"","ocean_menu_typo_spacing":0,"ocean_menu_typo_spacing_tablet":0,"ocean_menu_typo_spacing_mobile":0,"ocean_menu_typo_spacing_unit":"","ocean_menu_link_color":"","ocean_menu_link_color_hover":"","ocean_menu_link_color_active":"","ocean_menu_link_background":"","ocean_menu_link_hover_background":"","ocean_menu_link_active_background":"","ocean_menu_social_links_bg":"","ocean_menu_social_hover_links_bg":"","ocean_menu_social_links_color":"","ocean_menu_social_hover_links_color":"","ocean_disable_title":"default","ocean_disable_heading":"default","ocean_post_title":"","ocean_post_subheading":"","ocean_post_title_style":"","ocean_post_title_background_color":"","ocean_post_title_background":0,"ocean_post_title_bg_image_position":"","ocean_post_title_bg_image_attachment":"","ocean_post_title_bg_image_repeat":"","ocean_post_title_bg_image_size":"","ocean_post_title_height":0,"ocean_post_title_bg_overlay":0.5,"ocean_post_title_bg_overlay_color":"","ocean_disable_breadcrumbs":"default","ocean_breadcrumbs_color":"","ocean_breadcrumbs_separator_color":"","ocean_breadcrumbs_links_color":"","ocean_breadcrumbs_links_hover_color":"","ocean_display_footer_widgets":"default","ocean_display_footer_bottom":"default","ocean_custom_footer_template":"","footnotes":""},"class_list":["post-16","page","type-page","status-publish","hentry","entry"],"yoast_head":"<!-- This site is optimized with the Yoast SEO plugin v22.7 - https:\/\/yoast.com\/wordpress\/plugins\/seo\/ -->\n<title>Tarifs des consultations - fannysensetnature<\/title>\n<meta name=\"robots\" content=\"index, follow, max-snippet:-1, max-image-preview:large, max-video-preview:-1\" \/>\n<link rel=\"canonical\" href=\"https:\/\/fannysensetnature.com\/index.php\/mes-prestations\/\" \/>\n<meta property=\"og:locale\" content=\"fr_FR\" \/>\n<meta property=\"og:type\" content=\"article\" \/>\n<meta property=\"og:title\" content=\"Tarifs des consultations - fannysensetnature\" \/>\n<meta property=\"og:description\" content=\"Mes Prestations Naturopathie La premi\u00e8re consultation =&gt; Bilan de Vitalit\u00e9 (1h30) : 70 \u20ac Premi\u00e8re consultation enfants \/ \u00e9tudiants : 50 \u20ac Les consultations de suivi (1h) : 50 \u20ac Suivi Enfants \/ Etudiants : 40 \u20ac Sophrologie La premi\u00e8re s\u00e9ance (1h) =&gt; d\u00e9terminer l&rsquo;objectif : 50 \u20ac&nbsp; S\u00e9ance de suivi (45mn) : 45 \u20ac&nbsp; [&hellip;]\" \/>\n<meta property=\"og:url\" content=\"https:\/\/fannysensetnature.com\/index.php\/mes-prestations\/\" \/>\n<meta property=\"og:site_name\" content=\"fannysensetnature\" \/>\n<meta property=\"article:modified_time\" content=\"2024-03-04T16:46:36+00:00\" \/>\n<meta name=\"twitter:card\" content=\"summary_large_image\" \/>\n<meta name=\"twitter:label1\" content=\"Dur\u00e9e de lecture estim\u00e9e\" \/>\n\t<meta name=\"twitter:data1\" content=\"1 minute\" \/>\n<script type=\"application\/ld+json\" class=\"yoast-schema-graph\">{\"@context\":\"https:\/\/schema.org\",\"@graph\":[{\"@type\":\"WebPage\",\"@id\":\"https:\/\/fannysensetnature.com\/index.php\/mes-prestations\/\",\"url\":\"https:\/\/fannysensetnature.com\/index.php\/mes-prestations\/\",\"name\":\"Tarifs des consultations - fannysensetnature\",\"isPartOf\":{\"@id\":\"https:\/\/fannysensetnature.com\/#website\"},\"datePublished\":\"2024-02-18T10:50:54+00:00\",\"dateModified\":\"2024-03-04T16:46:36+00:00\",\"breadcrumb\":{\"@id\":\"https:\/\/fannysensetnature.com\/index.php\/mes-prestations\/#breadcrumb\"},\"inLanguage\":\"fr-FR\",\"potentialAction\":[{\"@type\":\"ReadAction\",\"target\":[\"https:\/\/fannysensetnature.com\/index.php\/mes-prestations\/\"]}]},{\"@type\":\"BreadcrumbList\",\"@id\":\"https:\/\/fannysensetnature.com\/index.php\/mes-prestations\/#breadcrumb\",\"itemListElement\":[{\"@type\":\"ListItem\",\"position\":1,\"name\":\"Accueil\",\"item\":\"https:\/\/fannysensetnature.com\/\"},{\"@type\":\"ListItem\",\"position\":2,\"name\":\"Tarifs des consultations\"}]},{\"@type\":\"WebSite\",\"@id\":\"https:\/\/fannysensetnature.com\/#website\",\"url\":\"https:\/\/fannysensetnature.com\/\",\"name\":\"fannysensetnature\",\"description\":\"La Naturopathie &amp; la Sophrologie dans votre quotidien !\",\"publisher\":{\"@id\":\"https:\/\/fannysensetnature.com\/#organization\"},\"potentialAction\":[{\"@type\":\"SearchAction\",\"target\":{\"@type\":\"EntryPoint\",\"urlTemplate\":\"https:\/\/fannysensetnature.com\/?s={search_term_string}\"},\"query-input\":\"required name=search_term_string\"}],\"inLanguage\":\"fr-FR\"},{\"@type\":\"Organization\",\"@id\":\"https:\/\/fannysensetnature.com\/#organization\",\"name\":\"fannysensetnature\",\"url\":\"https:\/\/fannysensetnature.com\/\",\"logo\":{\"@type\":\"ImageObject\",\"inLanguage\":\"fr-FR\",\"@id\":\"https:\/\/fannysensetnature.com\/#\/schema\/logo\/image\/\",\"url\":\"https:\/\/fannysensetnature.com\/wp-content\/uploads\/2024\/02\/cropped-logo-Sens-et-Nature.png\",\"contentUrl\":\"https:\/\/fannysensetnature.com\/wp-content\/uploads\/2024\/02\/cropped-logo-Sens-et-Nature.png\",\"width\":500,\"height\":261,\"caption\":\"fannysensetnature\"},\"image\":{\"@id\":\"https:\/\/fannysensetnature.com\/#\/schema\/logo\/image\/\"}}]}<\/script>\n<!-- \/ Yoast SEO plugin. -->","yoast_head_json":{"title":"Tarifs des consultations - fannysensetnature","robots":{"index":"index","follow":"follow","max-snippet":"max-snippet:-1","max-image-preview":"max-image-preview:large","max-video-preview":"max-video-preview:-1"},"canonical":"https:\/\/fannysensetnature.com\/index.php\/mes-prestations\/","og_locale":"fr_FR","og_type":"article","og_title":"Tarifs des consultations - fannysensetnature","og_description":"Mes Prestations Naturopathie La premi\u00e8re consultation =&gt; Bilan de Vitalit\u00e9 (1h30) : 70 \u20ac Premi\u00e8re consultation enfants \/ \u00e9tudiants : 50 \u20ac Les consultations de suivi (1h) : 50 \u20ac Suivi Enfants \/ Etudiants : 40 \u20ac Sophrologie La premi\u00e8re s\u00e9ance (1h) =&gt; d\u00e9terminer l&rsquo;objectif : 50 \u20ac&nbsp; S\u00e9ance de suivi (45mn) : 45 \u20ac&nbsp; [&hellip;]","og_url":"https:\/\/fannysensetnature.com\/index.php\/mes-prestations\/","og_site_name":"fannysensetnature","article_modified_time":"2024-03-04T16:46:36+00:00","twitter_card":"summary_large_image","twitter_misc":{"Dur\u00e9e de lecture estim\u00e9e":"1 minute"},"schema":{"@context":"https:\/\/schema.org","@graph":[{"@type":"WebPage","@id":"https:\/\/fannysensetnature.com\/index.php\/mes-prestations\/","url":"https:\/\/fannysensetnature.com\/index.php\/mes-prestations\/","name":"Tarifs des consultations - fannysensetnature","isPartOf":{"@id":"https:\/\/fannysensetnature.com\/#website"},"datePublished":"2024-02-18T10:50:54+00:00","dateModified":"2024-03-04T16:46:36+00:00","breadcrumb":{"@id":"https:\/\/fannysensetnature.com\/index.php\/mes-prestations\/#breadcrumb"},"inLanguage":"fr-FR","potentialAction":[{"@type":"ReadAction","target":["https:\/\/fannysensetnature.com\/index.php\/mes-prestations\/"]}]},{"@type":"BreadcrumbList","@id":"https:\/\/fannysensetnature.com\/index.php\/mes-prestations\/#breadcrumb","itemListElement":[{"@type":"ListItem","position":1,"name":"Accueil","item":"https:\/\/fannysensetnature.com\/"},{"@type":"ListItem","position":2,"name":"Tarifs des consultations"}]},{"@type":"WebSite","@id":"https:\/\/fannysensetnature.com\/#website","url":"https:\/\/fannysensetnature.com\/","name":"fannysensetnature","description":"La Naturopathie &amp; la Sophrologie dans votre quotidien !","publisher":{"@id":"https:\/\/fannysensetnature.com\/#organization"},"potentialAction":[{"@type":"SearchAction","target":{"@type":"EntryPoint","urlTemplate":"https:\/\/fannysensetnature.com\/?s={search_term_string}"},"query-input":"required name=search_term_string"}],"inLanguage":"fr-FR"},{"@type":"Organization","@id":"https:\/\/fannysensetnature.com\/#organization","name":"fannysensetnature","url":"https:\/\/fannysensetnature.com\/","logo":{"@type":"ImageObject","inLanguage":"fr-FR","@id":"https:\/\/fannysensetnature.com\/#\/schema\/logo\/image\/","url":"https:\/\/fannysensetnature.com\/wp-content\/uploads\/2024\/02\/cropped-logo-Sens-et-Nature.png","contentUrl":"https:\/\/fannysensetnature.com\/wp-content\/uploads\/2024\/02\/cropped-logo-Sens-et-Nature.png","width":500,"height":261,"caption":"fannysensetnature"},"image":{"@id":"https:\/\/fannysensetnature.com\/#\/schema\/logo\/image\/"}}]}},"jetpack_sharing_enabled":true,"_links":{"self":[{"href":"https:\/\/fannysensetnature.com\/index.php\/wp-json\/wp\/v2\/pages\/16","targetHints":{"allow":["GET"]}}],"collection":[{"href":"https:\/\/fannysensetnature.com\/index.php\/wp-json\/wp\/v2\/pages"}],"about":[{"href":"https:\/\/fannysensetnature.com\/index.php\/wp-json\/wp\/v2\/types\/page"}],"author":[{"embeddable":true,"href":"https:\/\/fannysensetnature.com\/index.php\/wp-json\/wp\/v2\/users\/1"}],"replies":[{"embeddable":true,"href":"https:\/\/fannysensetnature.com\/index.php\/wp-json\/wp\/v2\/comments?post=16"}],"version-history":[{"count":11,"href":"https:\/\/fannysensetnature.com\/index.php\/wp-json\/wp\/v2\/pages\/16\/revisions"}],"predecessor-version":[{"id":664,"href":"https:\/\/fannysensetnature.com\/index.php\/wp-json\/wp\/v2\/pages\/16\/revisions\/664"}],"wp:attachment":[{"href":"https:\/\/fannysensetnature.com\/index.php\/wp-json\/wp\/v2\/media?parent=16"}],"curies":[{"name":"wp","href":"https:\/\/api.w.org\/{rel}","templated":true}]}}