{"id":12,"date":"2024-02-18T11:50:04","date_gmt":"2024-02-18T10:50:04","guid":{"rendered":"https:\/\/fannysensetnature.com\/?page_id=12"},"modified":"2024-03-04T21:22:22","modified_gmt":"2024-03-04T20:22:22","slug":"la-naturopathie","status":"publish","type":"page","link":"https:\/\/fannysensetnature.com\/index.php\/la-naturopathie\/","title":{"rendered":"La Naturopathie"},"content":{"rendered":"\t\t<div data-elementor-type=\"wp-page\" data-elementor-id=\"12\" class=\"elementor elementor-12\">\n\t\t\t\t<div class=\"elementor-element elementor-element-61d4bbf e-flex e-con-boxed e-con e-parent\" data-id=\"61d4bbf\" data-element_type=\"container\">\n\t\t\t\t\t<div class=\"e-con-inner\">\n\t\t\t\t<div class=\"elementor-element elementor-element-ce3ddbe elementor-widget elementor-widget-heading\" data-id=\"ce3ddbe\" data-element_type=\"widget\" data-widget_type=\"heading.default\">\n\t\t\t\t<div class=\"elementor-widget-container\">\n\t\t\t<style>\/*! elementor - v3.21.0 - 20-05-2024 *\/\n.elementor-heading-title{padding:0;margin:0;line-height:1}.elementor-widget-heading .elementor-heading-title[class*=elementor-size-]>a{color:inherit;font-size:inherit;line-height:inherit}.elementor-widget-heading .elementor-heading-title.elementor-size-small{font-size:15px}.elementor-widget-heading .elementor-heading-title.elementor-size-medium{font-size:19px}.elementor-widget-heading .elementor-heading-title.elementor-size-large{font-size:29px}.elementor-widget-heading .elementor-heading-title.elementor-size-xl{font-size:39px}.elementor-widget-heading .elementor-heading-title.elementor-size-xxl{font-size:59px}<\/style><h2 class=\"elementor-heading-title elementor-size-default\">La Naturopathie<\/h2>\t\t<\/div>\n\t\t\t\t<\/div>\n\t\t\t\t\t<\/div>\n\t\t\t\t<\/div>\n\t\t<div class=\"elementor-element elementor-element-5e16294e e-con-full e-flex e-con e-parent\" data-id=\"5e16294e\" data-element_type=\"container\" data-settings=\"{&quot;background_background&quot;:&quot;classic&quot;}\">\n\t\t<div class=\"elementor-element elementor-element-7d8be55 e-con-full e-flex e-con e-child\" data-id=\"7d8be55\" data-element_type=\"container\">\n\t\t\t\t<div class=\"elementor-element elementor-element-2b9184bb elementor-widget elementor-widget-heading\" data-id=\"2b9184bb\" data-element_type=\"widget\" data-widget_type=\"heading.default\">\n\t\t\t\t<div class=\"elementor-widget-container\">\n\t\t\t<h1 class=\"elementor-heading-title elementor-size-default\">Un peu d'histoire !<\/h1>\t\t<\/div>\n\t\t\t\t<\/div>\n\t\t\t\t<div class=\"elementor-element elementor-element-963ebc8 elementor-widget__width-initial elementor-widget elementor-widget-text-editor\" data-id=\"963ebc8\" data-element_type=\"widget\" data-widget_type=\"text-editor.default\">\n\t\t\t\t<div class=\"elementor-widget-container\">\n\t\t\t<style>\/*! elementor - v3.21.0 - 20-05-2024 *\/\n.elementor-widget-text-editor.elementor-drop-cap-view-stacked .elementor-drop-cap{background-color:#69727d;color:#fff}.elementor-widget-text-editor.elementor-drop-cap-view-framed .elementor-drop-cap{color:#69727d;border:3px solid;background-color:transparent}.elementor-widget-text-editor:not(.elementor-drop-cap-view-default) .elementor-drop-cap{margin-top:8px}.elementor-widget-text-editor:not(.elementor-drop-cap-view-default) .elementor-drop-cap-letter{width:1em;height:1em}.elementor-widget-text-editor .elementor-drop-cap{float:left;text-align:center;line-height:1;font-size:50px}.elementor-widget-text-editor .elementor-drop-cap-letter{display:inline-block}<\/style>\t\t\t\t<p>Et non, la Naturopathie n&rsquo;est pas un effet de mode, ses origines datent depuis des milliers d&rsquo;ann\u00e9es !\u00a0<\/p><p><strong><em><span style=\"font-size: 22px; letter-spacing: 0px; word-spacing: 0em; text-align: var(--text-align);\">Hippocrate, disait \u00ab\u00a0Que ton alimentation soit ta seule m\u00e9decine.\u00a0\u00bb<\/span><\/em><\/strong><\/p>\t\t\t\t\t\t<\/div>\n\t\t\t\t<\/div>\n\t\t\t\t<div class=\"elementor-element elementor-element-b92b969 elementor-align-center elementor-widget elementor-widget-button\" data-id=\"b92b969\" data-element_type=\"widget\" data-widget_type=\"button.default\">\n\t\t\t\t<div class=\"elementor-widget-container\">\n\t\t\t\t\t<div class=\"elementor-button-wrapper\">\n\t\t\t<a class=\"elementor-button elementor-button-link elementor-size-sm\" href=\"https:\/\/fannysensetnature.com\/index.php\/histoire-de-la-naturopathie\/\">\n\t\t\t\t\t\t<span class=\"elementor-button-content-wrapper\">\n\t\t\t\t\t\t\t\t\t<span class=\"elementor-button-text\">Histoire de la Naturopathie<\/span>\n\t\t\t\t\t<\/span>\n\t\t\t\t\t<\/a>\n\t\t<\/div>\n\t\t\t\t<\/div>\n\t\t\t\t<\/div>\n\t\t\t\t<\/div>\n\t\t<div class=\"elementor-element elementor-element-32560b6c e-con-full e-flex e-con e-child\" data-id=\"32560b6c\" data-element_type=\"container\">\n\t\t\t\t<div class=\"elementor-element elementor-element-5ff12d42 elementor-widget elementor-widget-image\" data-id=\"5ff12d42\" data-element_type=\"widget\" data-widget_type=\"image.default\">\n\t\t\t\t<div class=\"elementor-widget-container\">\n\t\t\t<style>\/*! elementor - v3.21.0 - 20-05-2024 *\/\n.elementor-widget-image{text-align:center}.elementor-widget-image a{display:inline-block}.elementor-widget-image a img[src$=\".svg\"]{width:48px}.elementor-widget-image img{vertical-align:middle;display:inline-block}<\/style>\t\t\t\t\t\t\t\t\t\t<img fetchpriority=\"high\" decoding=\"async\" width=\"1024\" height=\"819\" src=\"https:\/\/fannysensetnature.com\/wp-content\/uploads\/2024\/02\/histoire-de-la-naturopathie-1024x819.png\" class=\"attachment-large size-large wp-image-112\" alt=\"\" srcset=\"https:\/\/fannysensetnature.com\/wp-content\/uploads\/2024\/02\/histoire-de-la-naturopathie-1024x819.png 1024w, https:\/\/fannysensetnature.com\/wp-content\/uploads\/2024\/02\/histoire-de-la-naturopathie-300x240.png 300w, https:\/\/fannysensetnature.com\/wp-content\/uploads\/2024\/02\/histoire-de-la-naturopathie-768x614.png 768w, https:\/\/fannysensetnature.com\/wp-content\/uploads\/2024\/02\/histoire-de-la-naturopathie.png 1500w\" sizes=\"(max-width: 1024px) 100vw, 1024px\" \/>\t\t\t\t\t\t\t\t\t\t\t\t\t<\/div>\n\t\t\t\t<\/div>\n\t\t\t\t<\/div>\n\t\t\t\t<\/div>\n\t\t<div class=\"elementor-element elementor-element-351bfcef e-flex e-con-boxed e-con e-parent\" data-id=\"351bfcef\" data-element_type=\"container\">\n\t\t\t\t\t<div class=\"e-con-inner\">\n\t\t<div class=\"elementor-element elementor-element-1f93787c e-con-full e-flex e-con e-child\" data-id=\"1f93787c\" data-element_type=\"container\">\n\t\t<div class=\"elementor-element elementor-element-2c3b26a7 e-con-full e-flex e-con e-child\" data-id=\"2c3b26a7\" data-element_type=\"container\">\n\t\t\t\t<div class=\"elementor-element elementor-element-35b7de39 elementor-widget elementor-widget-image\" data-id=\"35b7de39\" data-element_type=\"widget\" data-widget_type=\"image.default\">\n\t\t\t\t<div class=\"elementor-widget-container\">\n\t\t\t\t\t\t\t\t\t\t\t\t\t<img decoding=\"async\" width=\"500\" height=\"500\" src=\"https:\/\/fannysensetnature.com\/wp-content\/uploads\/2024\/02\/huile-essentielle-image.png\" class=\"attachment-large size-large wp-image-460\" alt=\"\" srcset=\"https:\/\/fannysensetnature.com\/wp-content\/uploads\/2024\/02\/huile-essentielle-image.png 500w, https:\/\/fannysensetnature.com\/wp-content\/uploads\/2024\/02\/huile-essentielle-image-300x300.png 300w, https:\/\/fannysensetnature.com\/wp-content\/uploads\/2024\/02\/huile-essentielle-image-150x150.png 150w\" sizes=\"(max-width: 500px) 100vw, 500px\" \/>\t\t\t\t\t\t\t\t\t\t\t\t\t<\/div>\n\t\t\t\t<\/div>\n\t\t\t\t<div class=\"elementor-element elementor-element-717b44f5 elementor-widget elementor-widget-image\" data-id=\"717b44f5\" data-element_type=\"widget\" data-widget_type=\"image.default\">\n\t\t\t\t<div class=\"elementor-widget-container\">\n\t\t\t\t\t\t\t\t\t\t\t\t\t<img decoding=\"async\" width=\"500\" height=\"500\" src=\"https:\/\/fannysensetnature.com\/wp-content\/uploads\/2024\/02\/naturo-assiette-image.png\" class=\"attachment-large size-large wp-image-459\" alt=\"\" srcset=\"https:\/\/fannysensetnature.com\/wp-content\/uploads\/2024\/02\/naturo-assiette-image.png 500w, https:\/\/fannysensetnature.com\/wp-content\/uploads\/2024\/02\/naturo-assiette-image-300x300.png 300w, https:\/\/fannysensetnature.com\/wp-content\/uploads\/2024\/02\/naturo-assiette-image-150x150.png 150w\" sizes=\"(max-width: 500px) 100vw, 500px\" \/>\t\t\t\t\t\t\t\t\t\t\t\t\t<\/div>\n\t\t\t\t<\/div>\n\t\t\t\t<\/div>\n\t\t<div class=\"elementor-element elementor-element-1c594f6d e-con-full e-flex e-con e-child\" data-id=\"1c594f6d\" data-element_type=\"container\">\n\t\t\t\t<div class=\"elementor-element elementor-element-682b93e5 elementor-widget elementor-widget-image\" data-id=\"682b93e5\" data-element_type=\"widget\" data-widget_type=\"image.default\">\n\t\t\t\t<div class=\"elementor-widget-container\">\n\t\t\t\t\t\t\t\t\t\t\t\t\t<img loading=\"lazy\" decoding=\"async\" width=\"500\" height=\"500\" src=\"https:\/\/fannysensetnature.com\/wp-content\/uploads\/2024\/02\/naturopathie-image.png\" class=\"attachment-large size-large wp-image-457\" alt=\"\" srcset=\"https:\/\/fannysensetnature.com\/wp-content\/uploads\/2024\/02\/naturopathie-image.png 500w, https:\/\/fannysensetnature.com\/wp-content\/uploads\/2024\/02\/naturopathie-image-300x300.png 300w, https:\/\/fannysensetnature.com\/wp-content\/uploads\/2024\/02\/naturopathie-image-150x150.png 150w\" sizes=\"(max-width: 500px) 100vw, 500px\" \/>\t\t\t\t\t\t\t\t\t\t\t\t\t<\/div>\n\t\t\t\t<\/div>\n\t\t\t\t<div class=\"elementor-element elementor-element-23b1b3dd elementor-widget elementor-widget-image\" data-id=\"23b1b3dd\" data-element_type=\"widget\" data-widget_type=\"image.default\">\n\t\t\t\t<div class=\"elementor-widget-container\">\n\t\t\t\t\t\t\t\t\t\t\t\t\t<img loading=\"lazy\" decoding=\"async\" width=\"500\" height=\"500\" src=\"https:\/\/fannysensetnature.com\/wp-content\/uploads\/2024\/02\/vitalite-fruits-image.png\" class=\"attachment-large size-large wp-image-461\" alt=\"\" srcset=\"https:\/\/fannysensetnature.com\/wp-content\/uploads\/2024\/02\/vitalite-fruits-image.png 500w, https:\/\/fannysensetnature.com\/wp-content\/uploads\/2024\/02\/vitalite-fruits-image-300x300.png 300w, https:\/\/fannysensetnature.com\/wp-content\/uploads\/2024\/02\/vitalite-fruits-image-150x150.png 150w\" sizes=\"(max-width: 500px) 100vw, 500px\" \/>\t\t\t\t\t\t\t\t\t\t\t\t\t<\/div>\n\t\t\t\t<\/div>\n\t\t\t\t<\/div>\n\t\t\t\t<\/div>\n\t\t<div class=\"elementor-element elementor-element-993d404 e-con-full e-flex e-con e-child\" data-id=\"993d404\" data-element_type=\"container\">\n\t\t\t\t<div class=\"elementor-element elementor-element-47a6483 elementor-widget elementor-widget-heading\" data-id=\"47a6483\" data-element_type=\"widget\" data-widget_type=\"heading.default\">\n\t\t\t\t<div class=\"elementor-widget-container\">\n\t\t\t<h3 class=\"elementor-heading-title elementor-size-default\">Le r\u00f4le du Naturopathe<\/h3>\t\t<\/div>\n\t\t\t\t<\/div>\n\t\t\t\t<div class=\"elementor-element elementor-element-762781c7 elementor-widget elementor-widget-text-editor\" data-id=\"762781c7\" data-element_type=\"widget\" data-widget_type=\"text-editor.default\">\n\t\t\t\t<div class=\"elementor-widget-container\">\n\t\t\t\t\t\t\t<p>Je suis Naturopathe est mon r\u00f4le avant tout est d&rsquo;\u00eatre une \u00e9ducatrice de bonne sant\u00e9.<\/p><p>Mon objectif principal est de d\u00e9terminer la cause de vos troubles afin de pouvoir vous soulager et de retrouver une vitalit\u00e9 optimale !<\/p><p>Gr\u00e2ce au bilan de vitalit\u00e9, je rendrai un programme d&rsquo;hygi\u00e8ne vitale (compte rendu \u00e9crit) qui vous permettra d&rsquo;avoir des conseils personnalis\u00e9s.<\/p>\t\t\t\t\t\t<\/div>\n\t\t\t\t<\/div>\n\t\t\t\t<div class=\"elementor-element elementor-element-6c319053 elementor-mobile-align-center elementor-align-center elementor-invisible elementor-widget elementor-widget-button\" data-id=\"6c319053\" data-element_type=\"widget\" data-settings=\"{&quot;_animation&quot;:&quot;fadeInDown&quot;}\" data-widget_type=\"button.default\">\n\t\t\t\t<div class=\"elementor-widget-container\">\n\t\t\t\t\t<div class=\"elementor-button-wrapper\">\n\t\t\t<a class=\"elementor-button elementor-button-link elementor-size-sm\" href=\"https:\/\/fannysensetnature.com\/index.php\/le-bilan-de-vitalite\/\">\n\t\t\t\t\t\t<span class=\"elementor-button-content-wrapper\">\n\t\t\t\t\t\t\t\t\t<span class=\"elementor-button-text\">Bilan de vitalit\u00e9<\/span>\n\t\t\t\t\t<\/span>\n\t\t\t\t\t<\/a>\n\t\t<\/div>\n\t\t\t\t<\/div>\n\t\t\t\t<\/div>\n\t\t\t\t<\/div>\n\t\t\t\t\t<\/div>\n\t\t\t\t<\/div>\n\t\t\t\t<\/div>\n\t\t","protected":false},"excerpt":{"rendered":"<p>La Naturopathie Un peu d&rsquo;histoire ! Et non, la Naturopathie n&rsquo;est pas un effet de mode, ses origines datent depuis des milliers d&rsquo;ann\u00e9es !\u00a0 Hippocrate, disait \u00ab\u00a0Que ton alimentation soit ta seule m\u00e9decine.\u00a0\u00bb Histoire de la Naturopathie Le r\u00f4le du Naturopathe Je suis Naturopathe est mon r\u00f4le avant tout est d&rsquo;\u00eatre une \u00e9ducatrice de bonne [&hellip;]<\/p>\n","protected":false},"author":1,"featured_media":0,"parent":0,"menu_order":0,"comment_status":"closed","ping_status":"closed","template":"","meta":{"ocean_post_layout":"","ocean_both_sidebars_style":"","ocean_both_sidebars_content_width":0,"ocean_both_sidebars_sidebars_width":0,"ocean_sidebar":"","ocean_second_sidebar":"","ocean_disable_margins":"enable","ocean_add_body_class":"","ocean_shortcode_before_top_bar":"","ocean_shortcode_after_top_bar":"","ocean_shortcode_before_header":"","ocean_shortcode_after_header":"","ocean_has_shortcode":"","ocean_shortcode_after_title":"","ocean_shortcode_before_footer_widgets":"","ocean_shortcode_after_footer_widgets":"","ocean_shortcode_before_footer_bottom":"","ocean_shortcode_after_footer_bottom":"","ocean_display_top_bar":"default","ocean_display_header":"default","ocean_header_style":"","ocean_center_header_left_menu":"","ocean_custom_header_template":"","ocean_custom_logo":0,"ocean_custom_retina_logo":0,"ocean_custom_logo_max_width":0,"ocean_custom_logo_tablet_max_width":0,"ocean_custom_logo_mobile_max_width":0,"ocean_custom_logo_max_height":0,"ocean_custom_logo_tablet_max_height":0,"ocean_custom_logo_mobile_max_height":0,"ocean_header_custom_menu":"","ocean_menu_typo_font_family":"","ocean_menu_typo_font_subset":"","ocean_menu_typo_font_size":0,"ocean_menu_typo_font_size_tablet":0,"ocean_menu_typo_font_size_mobile":0,"ocean_menu_typo_font_size_unit":"px","ocean_menu_typo_font_weight":"","ocean_menu_typo_font_weight_tablet":"","ocean_menu_typo_font_weight_mobile":"","ocean_menu_typo_transform":"","ocean_menu_typo_transform_tablet":"","ocean_menu_typo_transform_mobile":"","ocean_menu_typo_line_height":0,"ocean_menu_typo_line_height_tablet":0,"ocean_menu_typo_line_height_mobile":0,"ocean_menu_typo_line_height_unit":"","ocean_menu_typo_spacing":0,"ocean_menu_typo_spacing_tablet":0,"ocean_menu_typo_spacing_mobile":0,"ocean_menu_typo_spacing_unit":"","ocean_menu_link_color":"","ocean_menu_link_color_hover":"","ocean_menu_link_color_active":"","ocean_menu_link_background":"","ocean_menu_link_hover_background":"","ocean_menu_link_active_background":"","ocean_menu_social_links_bg":"","ocean_menu_social_hover_links_bg":"","ocean_menu_social_links_color":"","ocean_menu_social_hover_links_color":"","ocean_disable_title":"default","ocean_disable_heading":"default","ocean_post_title":"","ocean_post_subheading":"","ocean_post_title_style":"","ocean_post_title_background_color":"","ocean_post_title_background":0,"ocean_post_title_bg_image_position":"","ocean_post_title_bg_image_attachment":"","ocean_post_title_bg_image_repeat":"","ocean_post_title_bg_image_size":"","ocean_post_title_height":0,"ocean_post_title_bg_overlay":0.5,"ocean_post_title_bg_overlay_color":"","ocean_disable_breadcrumbs":"default","ocean_breadcrumbs_color":"","ocean_breadcrumbs_separator_color":"","ocean_breadcrumbs_links_color":"","ocean_breadcrumbs_links_hover_color":"","ocean_display_footer_widgets":"default","ocean_display_footer_bottom":"default","ocean_custom_footer_template":"","footnotes":""},"class_list":["post-12","page","type-page","status-publish","hentry","entry"],"yoast_head":"<!-- This site is optimized with the Yoast SEO plugin v22.7 - https:\/\/yoast.com\/wordpress\/plugins\/seo\/ -->\n<title>La Naturopathie - fannysensetnature<\/title>\n<meta name=\"robots\" content=\"index, follow, max-snippet:-1, max-image-preview:large, max-video-preview:-1\" \/>\n<link rel=\"canonical\" href=\"https:\/\/fannysensetnature.com\/index.php\/la-naturopathie\/\" \/>\n<meta property=\"og:locale\" content=\"fr_FR\" \/>\n<meta property=\"og:type\" content=\"article\" \/>\n<meta property=\"og:title\" content=\"La Naturopathie - fannysensetnature\" \/>\n<meta property=\"og:description\" content=\"La Naturopathie Un peu d&rsquo;histoire ! Et non, la Naturopathie n&rsquo;est pas un effet de mode, ses origines datent depuis des milliers d&rsquo;ann\u00e9es !\u00a0 Hippocrate, disait \u00ab\u00a0Que ton alimentation soit ta seule m\u00e9decine.\u00a0\u00bb Histoire de la Naturopathie Le r\u00f4le du Naturopathe Je suis Naturopathe est mon r\u00f4le avant tout est d&rsquo;\u00eatre une \u00e9ducatrice de bonne [&hellip;]\" \/>\n<meta property=\"og:url\" content=\"https:\/\/fannysensetnature.com\/index.php\/la-naturopathie\/\" \/>\n<meta property=\"og:site_name\" content=\"fannysensetnature\" \/>\n<meta property=\"article:modified_time\" content=\"2024-03-04T20:22:22+00:00\" \/>\n<meta property=\"og:image\" content=\"http:\/\/fannysensetnature.com\/wp-content\/uploads\/2024\/02\/histoire-de-la-naturopathie-1024x819.png\" \/>\n<meta name=\"twitter:card\" content=\"summary_large_image\" \/>\n<meta name=\"twitter:label1\" content=\"Dur\u00e9e de lecture estim\u00e9e\" \/>\n\t<meta name=\"twitter:data1\" content=\"2 minutes\" \/>\n<script type=\"application\/ld+json\" class=\"yoast-schema-graph\">{\"@context\":\"https:\/\/schema.org\",\"@graph\":[{\"@type\":\"WebPage\",\"@id\":\"https:\/\/fannysensetnature.com\/index.php\/la-naturopathie\/\",\"url\":\"https:\/\/fannysensetnature.com\/index.php\/la-naturopathie\/\",\"name\":\"La Naturopathie - fannysensetnature\",\"isPartOf\":{\"@id\":\"https:\/\/fannysensetnature.com\/#website\"},\"primaryImageOfPage\":{\"@id\":\"https:\/\/fannysensetnature.com\/index.php\/la-naturopathie\/#primaryimage\"},\"image\":{\"@id\":\"https:\/\/fannysensetnature.com\/index.php\/la-naturopathie\/#primaryimage\"},\"thumbnailUrl\":\"http:\/\/fannysensetnature.com\/wp-content\/uploads\/2024\/02\/histoire-de-la-naturopathie-1024x819.png\",\"datePublished\":\"2024-02-18T10:50:04+00:00\",\"dateModified\":\"2024-03-04T20:22:22+00:00\",\"breadcrumb\":{\"@id\":\"https:\/\/fannysensetnature.com\/index.php\/la-naturopathie\/#breadcrumb\"},\"inLanguage\":\"fr-FR\",\"potentialAction\":[{\"@type\":\"ReadAction\",\"target\":[\"https:\/\/fannysensetnature.com\/index.php\/la-naturopathie\/\"]}]},{\"@type\":\"ImageObject\",\"inLanguage\":\"fr-FR\",\"@id\":\"https:\/\/fannysensetnature.com\/index.php\/la-naturopathie\/#primaryimage\",\"url\":\"https:\/\/fannysensetnature.com\/wp-content\/uploads\/2024\/02\/histoire-de-la-naturopathie.png\",\"contentUrl\":\"https:\/\/fannysensetnature.com\/wp-content\/uploads\/2024\/02\/histoire-de-la-naturopathie.png\",\"width\":1500,\"height\":1200},{\"@type\":\"BreadcrumbList\",\"@id\":\"https:\/\/fannysensetnature.com\/index.php\/la-naturopathie\/#breadcrumb\",\"itemListElement\":[{\"@type\":\"ListItem\",\"position\":1,\"name\":\"Accueil\",\"item\":\"https:\/\/fannysensetnature.com\/\"},{\"@type\":\"ListItem\",\"position\":2,\"name\":\"La Naturopathie\"}]},{\"@type\":\"WebSite\",\"@id\":\"https:\/\/fannysensetnature.com\/#website\",\"url\":\"https:\/\/fannysensetnature.com\/\",\"name\":\"fannysensetnature\",\"description\":\"La Naturopathie &amp; la Sophrologie dans votre quotidien !\",\"publisher\":{\"@id\":\"https:\/\/fannysensetnature.com\/#organization\"},\"potentialAction\":[{\"@type\":\"SearchAction\",\"target\":{\"@type\":\"EntryPoint\",\"urlTemplate\":\"https:\/\/fannysensetnature.com\/?s={search_term_string}\"},\"query-input\":\"required name=search_term_string\"}],\"inLanguage\":\"fr-FR\"},{\"@type\":\"Organization\",\"@id\":\"https:\/\/fannysensetnature.com\/#organization\",\"name\":\"fannysensetnature\",\"url\":\"https:\/\/fannysensetnature.com\/\",\"logo\":{\"@type\":\"ImageObject\",\"inLanguage\":\"fr-FR\",\"@id\":\"https:\/\/fannysensetnature.com\/#\/schema\/logo\/image\/\",\"url\":\"https:\/\/fannysensetnature.com\/wp-content\/uploads\/2024\/02\/cropped-logo-Sens-et-Nature.png\",\"contentUrl\":\"https:\/\/fannysensetnature.com\/wp-content\/uploads\/2024\/02\/cropped-logo-Sens-et-Nature.png\",\"width\":500,\"height\":261,\"caption\":\"fannysensetnature\"},\"image\":{\"@id\":\"https:\/\/fannysensetnature.com\/#\/schema\/logo\/image\/\"}}]}<\/script>\n<!-- \/ Yoast SEO plugin. -->","yoast_head_json":{"title":"La Naturopathie - fannysensetnature","robots":{"index":"index","follow":"follow","max-snippet":"max-snippet:-1","max-image-preview":"max-image-preview:large","max-video-preview":"max-video-preview:-1"},"canonical":"https:\/\/fannysensetnature.com\/index.php\/la-naturopathie\/","og_locale":"fr_FR","og_type":"article","og_title":"La Naturopathie - fannysensetnature","og_description":"La Naturopathie Un peu d&rsquo;histoire ! Et non, la Naturopathie n&rsquo;est pas un effet de mode, ses origines datent depuis des milliers d&rsquo;ann\u00e9es !\u00a0 Hippocrate, disait \u00ab\u00a0Que ton alimentation soit ta seule m\u00e9decine.\u00a0\u00bb Histoire de la Naturopathie Le r\u00f4le du Naturopathe Je suis Naturopathe est mon r\u00f4le avant tout est d&rsquo;\u00eatre une \u00e9ducatrice de bonne [&hellip;]","og_url":"https:\/\/fannysensetnature.com\/index.php\/la-naturopathie\/","og_site_name":"fannysensetnature","article_modified_time":"2024-03-04T20:22:22+00:00","og_image":[{"url":"http:\/\/fannysensetnature.com\/wp-content\/uploads\/2024\/02\/histoire-de-la-naturopathie-1024x819.png"}],"twitter_card":"summary_large_image","twitter_misc":{"Dur\u00e9e de lecture estim\u00e9e":"2 minutes"},"schema":{"@context":"https:\/\/schema.org","@graph":[{"@type":"WebPage","@id":"https:\/\/fannysensetnature.com\/index.php\/la-naturopathie\/","url":"https:\/\/fannysensetnature.com\/index.php\/la-naturopathie\/","name":"La Naturopathie - fannysensetnature","isPartOf":{"@id":"https:\/\/fannysensetnature.com\/#website"},"primaryImageOfPage":{"@id":"https:\/\/fannysensetnature.com\/index.php\/la-naturopathie\/#primaryimage"},"image":{"@id":"https:\/\/fannysensetnature.com\/index.php\/la-naturopathie\/#primaryimage"},"thumbnailUrl":"http:\/\/fannysensetnature.com\/wp-content\/uploads\/2024\/02\/histoire-de-la-naturopathie-1024x819.png","datePublished":"2024-02-18T10:50:04+00:00","dateModified":"2024-03-04T20:22:22+00:00","breadcrumb":{"@id":"https:\/\/fannysensetnature.com\/index.php\/la-naturopathie\/#breadcrumb"},"inLanguage":"fr-FR","potentialAction":[{"@type":"ReadAction","target":["https:\/\/fannysensetnature.com\/index.php\/la-naturopathie\/"]}]},{"@type":"ImageObject","inLanguage":"fr-FR","@id":"https:\/\/fannysensetnature.com\/index.php\/la-naturopathie\/#primaryimage","url":"https:\/\/fannysensetnature.com\/wp-content\/uploads\/2024\/02\/histoire-de-la-naturopathie.png","contentUrl":"https:\/\/fannysensetnature.com\/wp-content\/uploads\/2024\/02\/histoire-de-la-naturopathie.png","width":1500,"height":1200},{"@type":"BreadcrumbList","@id":"https:\/\/fannysensetnature.com\/index.php\/la-naturopathie\/#breadcrumb","itemListElement":[{"@type":"ListItem","position":1,"name":"Accueil","item":"https:\/\/fannysensetnature.com\/"},{"@type":"ListItem","position":2,"name":"La Naturopathie"}]},{"@type":"WebSite","@id":"https:\/\/fannysensetnature.com\/#website","url":"https:\/\/fannysensetnature.com\/","name":"fannysensetnature","description":"La Naturopathie &amp; la Sophrologie dans votre quotidien !","publisher":{"@id":"https:\/\/fannysensetnature.com\/#organization"},"potentialAction":[{"@type":"SearchAction","target":{"@type":"EntryPoint","urlTemplate":"https:\/\/fannysensetnature.com\/?s={search_term_string}"},"query-input":"required name=search_term_string"}],"inLanguage":"fr-FR"},{"@type":"Organization","@id":"https:\/\/fannysensetnature.com\/#organization","name":"fannysensetnature","url":"https:\/\/fannysensetnature.com\/","logo":{"@type":"ImageObject","inLanguage":"fr-FR","@id":"https:\/\/fannysensetnature.com\/#\/schema\/logo\/image\/","url":"https:\/\/fannysensetnature.com\/wp-content\/uploads\/2024\/02\/cropped-logo-Sens-et-Nature.png","contentUrl":"https:\/\/fannysensetnature.com\/wp-content\/uploads\/2024\/02\/cropped-logo-Sens-et-Nature.png","width":500,"height":261,"caption":"fannysensetnature"},"image":{"@id":"https:\/\/fannysensetnature.com\/#\/schema\/logo\/image\/"}}]}},"jetpack_sharing_enabled":true,"_links":{"self":[{"href":"https:\/\/fannysensetnature.com\/index.php\/wp-json\/wp\/v2\/pages\/12","targetHints":{"allow":["GET"]}}],"collection":[{"href":"https:\/\/fannysensetnature.com\/index.php\/wp-json\/wp\/v2\/pages"}],"about":[{"href":"https:\/\/fannysensetnature.com\/index.php\/wp-json\/wp\/v2\/types\/page"}],"author":[{"embeddable":true,"href":"https:\/\/fannysensetnature.com\/index.php\/wp-json\/wp\/v2\/users\/1"}],"replies":[{"embeddable":true,"href":"https:\/\/fannysensetnature.com\/index.php\/wp-json\/wp\/v2\/comments?post=12"}],"version-history":[{"count":67,"href":"https:\/\/fannysensetnature.com\/index.php\/wp-json\/wp\/v2\/pages\/12\/revisions"}],"predecessor-version":[{"id":745,"href":"https:\/\/fannysensetnature.com\/index.php\/wp-json\/wp\/v2\/pages\/12\/revisions\/745"}],"wp:attachment":[{"href":"https:\/\/fannysensetnature.com\/index.php\/wp-json\/wp\/v2\/media?parent=12"}],"curies":[{"name":"wp","href":"https:\/\/api.w.org\/{rel}","templated":true}]}}